
What is the hundred thousands digit of 656505?
6
What is the thousands digit of 198040?
8
What is the hundreds digit of 13602101?
1
What is the thousands digit of 1886847?
6
What is the ten thousands digit of 25521?
2
What is the tens digit of 24015897?
9
What is the tens digit of 7823685?
8
What is the tens digit of 42196?
9
What is the tens digit of 671056?
5
What is the units digit of 34052080?
0
What is the units digit of 431566?
6
What is the millions digit of 1230228?
1
What is the hundred thousands digit of 199519?
1
What is the hundred thousands digit of 8413731?
4
What is the thousands digit of 3493756?
3
What is the tens digit of 81818?
1
What is the ten thousands digit of 405531?
0
What is the millions digit of 4390366?
4
What is the hundred thousands digit of 8165425?
1
What is the thousands digit of 589744?
9
What is the ten thousands digit of 879740?
7
What is the tens digit of 1302261?
6
What is the tens digit of 3073869?
6
What is the units digit of 148810?
0
What is the hundred thousands digit of 32367916?
3
What is the hundred thousands digit of 2395077?
3
What is the hundreds digit of 188451?
4
What is the thousands digit of 13918171?
8
What is the ten thousands digit of 435479?
3
What is the millions digit of 1367857?
1
What is the ten thousands digit of 15508216?
0
What is the units digit of 3971496?
6
What is the millions digit of 11961823?
1
What is the ten thousands digit of 2157542?
5
What is the hundred thousands digit of 2823895?
8
What is the thousands digit of 1367765?
7
What is the tens digit of 5276077?
7
What is the units digit of 39461540?
0
What is the units digit of 2793327?
7
What is the hundreds digit of 24877599?
5
What is the tens digit of 3271082?
8
What is the units digit of 178218?
8
What is the tens digit of 12893515?
1
What is the hundreds digit of 178542?
5
What is the units digit of 19399136?
6
What is the ten thousands digit of 1336430?
3
What is the thousands digit of 256654?
6
What is the ten thousands digit of 20989?
2
What is the hundred thousands digit of 5511800?
5
What is the hundred thousands digit of 193496?
1
What is the hundreds digit of 215415?
4
What is the hundreds digit of 193311?
3
What is the thousands digit of 3224624?
4
What is the tens digit of 179029?
2
What is the ten thousands digit of 1284694?
8
What is the thousands digit of 22737213?
7
What is the ten thousands digit of 1508997?
0
What is the ten thousands digit of 16626044?
2
What is the millions digit of 12921851?
2
What is the tens digit of 1064157?
5
What is the hundred thousands digit of 18158137?
1
What is the ten thousands digit of 16498473?
9
What is the hundreds digit of 27859618?
6
What is the ten thousands digit of 27584069?
8
What is the hundred thousands digit of 22603022?
6
What is the thousands digit of 137803?
7
What is the tens digit of 3815336?
3
What is the ten millions digit of 17702552?
1
What is the ten thousands digit of 18893307?
9
What is the units digit of 29782?
2
What is the tens digit of 1189234?
3
What is the thousands digit of 262333?
2
What is the hundreds digit of 6742565?
5
What is the ten thousands digit of 26794782?
9
What is the thousands digit of 22433068?
3
What is the hundreds digit of 516492?
4
What is the tens digit of 482267?
6
What is the thousands digit of 454535?
4
What is the tens digit of 17242991?
9
What is the hundreds digit of 13035434?
4
What is the hundreds digit of 420092?
0
What is the units digit of 9851034?
4
What is the ten thousands digit of 326096?
2
What is the hundred thousands digit of 2257218?
2
What is the thousands digit of 25331369?
1
What is the units digit of 25134641?
1
What is the hundred thousands digit of 1325366?
3
What is the tens digit of 571830?
3
What is the units digit of 110959?
9
What is the units digit of 40161717?
7
What is the millions digit of 33760534?
3
What is the units digit of 6800828?
8
What is the thousands digit of 126754?
6
What is the hundreds digit of 8786966?
9
What is the thousands digit of 11405713?
5
What is the units digit of 7546369?
9
What is the units digit of 693318?
8
What is the tens digit of 1020785?
8
What is the tens digit of 2494?
9
What is the ten thousands digit of 43160?
4
What is the thousands digit of 2580680?
0
What is the ten thousands digit of 143921?
4
What is the hundred thousands digit of 10796078?
7
What is the units digit of 243231?
1
What is the ten thousands digit of 56738?
5
What is the ten thousands digit of 15217507?
1
What is the tens digit of 486773?
7
What is the thousands digit of 255394?
5
What is the ten millions digit of 10566479?
1
What is the ten thousands digit of 6437850?
3
What is the tens digit of 603784?
8
What is the thousands digit of 31025?
1
What is the units digit of 1440772?
2
What is the tens digit of 712247?
4
What is the thousands digit of 77769?
7
What is the ten thousands digit of 260974?
6
What is the ten thousands digit of 17133?
1
What is the ten thousands digit of 44968466?
6
What is the units digit of 12123111?
1
What is the thousands digit of 11946568?
6
What is the millions digit of 3927534?
3
What is the hundreds digit of 232270?
2
What is the tens digit of 18347669?
6
What is the hundred thousands digit of 177181?
1
What is the ten thousands digit of 1381306?
8
What is the thousands digit of 795379?
5
What is the tens digit of 691469?
6
What is the hundreds digit of 1054770?
7
What is the thousands digit of 635298?
5
What is the hundreds digit of 762303?
3
What is the hundred thousands digit of 534405?
5
What is the units digit of 488994?
4
What is the tens digit of 1331546?
4
What is the tens digit of 7067524?
2
What is the ten thousands digit of 251961?
5
What is the ten thousands digit of 2167338?
6
What is the hundred thousands digit of 929893?
9
What is the hundreds digit of 2831374?
3
What is the hundreds digit of 621448?
4
What is the units digit of 106989?
9
What is the millions digit of 1042841?
1
What is the tens digit of 9724?
2
What is the thousands digit of 9171?
9
What is the hundred thousands digit of 1436469?
4
What is the hundreds digit of 270077?
0
What is the units digit of 27498?
8
What is the ten thousands digit of 1430764?
3
What is the hundreds digit of 222942?
9
What is the hundred thousands digit of 20288181?
2
What is the hundreds digit of 113507?
5
What is the ten thousands digit of 752167?
5
What is the ten thousands digit of 876837?
7
What is the units digit of 10935127?
7
What is the thousands digit of 115091?
5
What is the ten thousands digit of 13492040?
9
What is the hundred thousands digit of 2069529?
0
What is the units digit of 251018?
8
What is the thousands digit of 257773?
7
What is the hundred thousands digit of 269852?
2
What is the units digit of 114007?
7
What is the hundred thousands digit of 487949?
4
What is the tens digit of 1525605?
0
What is the units digit of 1388196?
6
What is the millions digit of 16744119?
6
What is the millions digit of 12541143?
2
What is the tens digit of 3901501?
0
What is the hundreds digit of 1078194?
1
What is the thousands digit of 7835831?
5
What is the hundreds digit of 1029033?
0
What is the tens digit of 804566?
6
What is the hundreds digit of 322801?
8
What is the hundred thousands digit of 333802?
3
What is the millions digit of 1960010?
1
What is the millions digit of 2034698?
2
What is the hundreds digit of 206766?
7
What is the tens digit of 236444?
4
What is the ten thousands digit of 21241501?
4
What is the units digit of 273723?
3
What is the hundred thousands digit of 13271785?
2
What is the ten thousands digit of 1911675?
1
What is the ten thousands digit of 4597404?
9
What is the millions digit of 5623230?
5
What is the hundred thousands digit of 18312156?
3
What is the ten thousands digit of 566131?
6
What is the ten thousands digit of 2556083?
5
What is the tens digit of 21794?
9
What is the ten thousands digit of 898967?
9
What is the tens digit of 4709594?
9
What is the thousands digit of 241380?
1
What is the units digit of 657717?
7
What is the units digit of 4378508?
8
What is the tens digit of 3978870?
7
What is the hundreds digit of 254196?
1
What is the tens digit of 4705466?
6
What is the thousands digit of 675932?
5
What is the thousands digit of 658569